{"id":61,"date":"2022-10-15T18:59:37","date_gmt":"2022-10-15T16:59:37","guid":{"rendered":"https:\/\/slimtech.de\/?page_id=61"},"modified":"2022-10-15T18:59:37","modified_gmt":"2022-10-15T16:59:37","slug":"of-ellenbogengasse","status":"publish","type":"page","link":"https:\/\/immopages.de\/index.php\/of-ellenbogengasse\/","title":{"rendered":"OF &#8211; Ellenbogengasse"},"content":{"rendered":"\n<figure class=\"wp-block-image size-full\"><img loading=\"lazy\" decoding=\"async\" width=\"800\" height=\"905\" src=\"https:\/\/slimtech.de\/wp-content\/uploads\/2022\/10\/illustration800.jpg\" alt=\"\" class=\"wp-image-62\" srcset=\"https:\/\/immopages.de\/wp-content\/uploads\/2022\/10\/illustration800.jpg 800w, https:\/\/immopages.de\/wp-content\/uploads\/2022\/10\/illustration800-265x300.jpg 265w, https:\/\/immopages.de\/wp-content\/uploads\/2022\/10\/illustration800-768x869.jpg 768w\" sizes=\"auto, (max-width: 800px) 100vw, 800px\" \/><\/figure>\n\n\n\n<p>Eine gro\u00dfz\u00fcgige Anlage in Offenbach &#8211; wenige Meter vom Cinemaxx Kino, und damit nah an allen&nbsp;wichtigen Punkten in Offenbach.<\/p>\n\n\n\n<p>Eine kleine Sackgasse \u00f6ffnet den Weg zu 4 verschiedenen H\u00e4usern unterschiedlicher Gr\u00f6\u00dfe. \u00dcbersichtliche Hausgr\u00f6\u00dfen von 2 bis 6 Wohnungen machen das Wohnen angenehm.<\/p>\n\n\n\n<figure class=\"wp-block-image size-full\"><img loading=\"lazy\" decoding=\"async\" width=\"640\" height=\"480\" src=\"https:\/\/slimtech.de\/wp-content\/uploads\/2022\/10\/lageplan-1.gif\" alt=\"\" class=\"wp-image-63\"\/><\/figure>\n","protected":false},"excerpt":{"rendered":"<p>Eine gro\u00dfz\u00fcgige Anlage in Offenbach &#8211; wenige Meter vom Cinemaxx Kino, und damit nah an allen&nbsp;wichtigen Punkten in Offenbach. Eine kleine Sackgasse \u00f6ffnet den Weg zu 4 verschiedenen H\u00e4usern unterschiedlicher Gr\u00f6\u00dfe. \u00dcbersichtliche Hausgr\u00f6\u00dfen von 2 bis 6 Wohnungen machen das Wohnen angenehm.<\/p>\n","protected":false},"author":1,"featured_media":0,"parent":0,"menu_order":0,"comment_status":"closed","ping_status":"closed","template":"","meta":{"ub_ctt_via":"","footnotes":""},"class_list":["post-61","page","type-page","status-publish","hentry"],"featured_image_src":null,"_links":{"self":[{"href":"https:\/\/immopages.de\/index.php\/wp-json\/wp\/v2\/pages\/61","targetHints":{"allow":["GET"]}}],"collection":[{"href":"https:\/\/immopages.de\/index.php\/wp-json\/wp\/v2\/pages"}],"about":[{"href":"https:\/\/immopages.de\/index.php\/wp-json\/wp\/v2\/types\/page"}],"author":[{"embeddable":true,"href":"https:\/\/immopages.de\/index.php\/wp-json\/wp\/v2\/users\/1"}],"replies":[{"embeddable":true,"href":"https:\/\/immopages.de\/index.php\/wp-json\/wp\/v2\/comments?post=61"}],"version-history":[{"count":1,"href":"https:\/\/immopages.de\/index.php\/wp-json\/wp\/v2\/pages\/61\/revisions"}],"predecessor-version":[{"id":64,"href":"https:\/\/immopages.de\/index.php\/wp-json\/wp\/v2\/pages\/61\/revisions\/64"}],"wp:attachment":[{"href":"https:\/\/immopages.de\/index.php\/wp-json\/wp\/v2\/media?parent=61"}],"curies":[{"name":"wp","href":"https:\/\/api.w.org\/{rel}","templated":true}]}}