{"id":69,"date":"2022-10-15T19:06:05","date_gmt":"2022-10-15T17:06:05","guid":{"rendered":"https:\/\/slimtech.de\/?page_id=69"},"modified":"2022-10-15T19:06:05","modified_gmt":"2022-10-15T17:06:05","slug":"of-wohnanlage-green-parc","status":"publish","type":"page","link":"https:\/\/immopages.de\/index.php\/of-wohnanlage-green-parc\/","title":{"rendered":"OF &#8211; Wohnanlage Green Parc"},"content":{"rendered":"\n<figure class=\"wp-block-image size-large\"><img loading=\"lazy\" decoding=\"async\" width=\"1024\" height=\"718\" src=\"https:\/\/slimtech.de\/wp-content\/uploads\/2022\/10\/20150814-nordost-cleaned-1024x718.jpg\" alt=\"\" class=\"wp-image-70\" srcset=\"https:\/\/immopages.de\/wp-content\/uploads\/2022\/10\/20150814-nordost-cleaned-1024x718.jpg 1024w, https:\/\/immopages.de\/wp-content\/uploads\/2022\/10\/20150814-nordost-cleaned-300x210.jpg 300w, https:\/\/immopages.de\/wp-content\/uploads\/2022\/10\/20150814-nordost-cleaned-768x538.jpg 768w, https:\/\/immopages.de\/wp-content\/uploads\/2022\/10\/20150814-nordost-cleaned.jpg 1303w\" sizes=\"auto, (max-width: 1024px) 100vw, 1024px\" \/><\/figure>\n\n\n\n<p>\u201eWohnen in der City \u2026 im Gr\u00fcnen\u201c ist das Motto f\u00fcr f\u00fcnf \u00fcberschaubare H\u00e4user mit insgesamt 89 Wohnungen und 6600 m\u00b2 Wohnfl\u00e4che, die in gro\u00dfz\u00fcgig konzipierte 2-4 Zimmerwohnungen aufgeteilt sind.<\/p>\n\n\n\n<p>Alle Wohnungen sind durch einen Lift erschlossen und sind \u00fcberwiegend barrierefrei konzipiert. Modernste Technik in energetisch optimierter Bauweise sorgt f\u00fcr einen hohe Wohnqualit\u00e4t bei geringen Nebenkosten &#8211; ein immer wichtiger werdender Gesichtspunkt in der heutigen Zeit. Die modern konzipierte Fassade in farblich angepasster Gestaltung bildet zusammen mit einer eigenen Baumallee vor dem Haus den idealen \u00dcbergang zum historischen Park.<\/p>\n\n\n\n<p>Zwei eigene Tiefgaragen und ein als gr\u00fcne Oase gestalteter Innenbereich sind weitere, wichtige Elemente der Anlage. Die hohe Lebensqualit\u00e4t in der Wohnanlage wird durch die optimale N\u00e4he zu S-Bahn-Anschluss, Einkaufsm\u00f6glichkeiten, Schulen und nat\u00fcrlich der N\u00e4he zum Flussufer des Mains noch erh\u00f6ht.<\/p>\n\n\n\n<figure class=\"wp-block-image size-full\"><img loading=\"lazy\" decoding=\"async\" width=\"578\" height=\"408\" src=\"https:\/\/slimtech.de\/wp-content\/uploads\/2022\/10\/lageplan-friedhofstr-extended.jpg\" alt=\"\" class=\"wp-image-71\" srcset=\"https:\/\/immopages.de\/wp-content\/uploads\/2022\/10\/lageplan-friedhofstr-extended.jpg 578w, https:\/\/immopages.de\/wp-content\/uploads\/2022\/10\/lageplan-friedhofstr-extended-300x212.jpg 300w\" sizes=\"auto, (max-width: 578px) 100vw, 578px\" \/><\/figure>\n\n\n\n<figure class=\"wp-block-image size-full\"><img loading=\"lazy\" decoding=\"async\" width=\"600\" height=\"734\" src=\"https:\/\/slimtech.de\/wp-content\/uploads\/2022\/10\/lageplan600.png\" alt=\"\" class=\"wp-image-72\" srcset=\"https:\/\/immopages.de\/wp-content\/uploads\/2022\/10\/lageplan600.png 600w, https:\/\/immopages.de\/wp-content\/uploads\/2022\/10\/lageplan600-245x300.png 245w\" sizes=\"auto, (max-width: 600px) 100vw, 600px\" \/><\/figure>\n","protected":false},"excerpt":{"rendered":"<p>\u201eWohnen in der City \u2026 im Gr\u00fcnen\u201c ist das Motto f\u00fcr f\u00fcnf \u00fcberschaubare H\u00e4user mit insgesamt 89 Wohnungen und 6600 m\u00b2 Wohnfl\u00e4che, die in gro\u00dfz\u00fcgig konzipierte 2-4 Zimmerwohnungen aufgeteilt sind. Alle Wohnungen sind durch einen Lift erschlossen und sind \u00fcberwiegend barrierefrei konzipiert. Modernste Technik in energetisch optimierter Bauweise sorgt f\u00fcr einen hohe Wohnqualit\u00e4t bei geringen [&hellip;]<\/p>\n","protected":false},"author":1,"featured_media":0,"parent":0,"menu_order":0,"comment_status":"closed","ping_status":"closed","template":"","meta":{"ub_ctt_via":"","footnotes":""},"class_list":["post-69","page","type-page","status-publish","hentry"],"featured_image_src":null,"_links":{"self":[{"href":"https:\/\/immopages.de\/index.php\/wp-json\/wp\/v2\/pages\/69","targetHints":{"allow":["GET"]}}],"collection":[{"href":"https:\/\/immopages.de\/index.php\/wp-json\/wp\/v2\/pages"}],"about":[{"href":"https:\/\/immopages.de\/index.php\/wp-json\/wp\/v2\/types\/page"}],"author":[{"embeddable":true,"href":"https:\/\/immopages.de\/index.php\/wp-json\/wp\/v2\/users\/1"}],"replies":[{"embeddable":true,"href":"https:\/\/immopages.de\/index.php\/wp-json\/wp\/v2\/comments?post=69"}],"version-history":[{"count":1,"href":"https:\/\/immopages.de\/index.php\/wp-json\/wp\/v2\/pages\/69\/revisions"}],"predecessor-version":[{"id":73,"href":"https:\/\/immopages.de\/index.php\/wp-json\/wp\/v2\/pages\/69\/revisions\/73"}],"wp:attachment":[{"href":"https:\/\/immopages.de\/index.php\/wp-json\/wp\/v2\/media?parent=69"}],"curies":[{"name":"wp","href":"https:\/\/api.w.org\/{rel}","templated":true}]}}