{"id":79,"date":"2022-10-15T19:18:53","date_gmt":"2022-10-15T17:18:53","guid":{"rendered":"https:\/\/slimtech.de\/?page_id=79"},"modified":"2022-10-15T19:18:53","modified_gmt":"2022-10-15T17:18:53","slug":"of-mathildenstr-10","status":"publish","type":"page","link":"https:\/\/immopages.de\/index.php\/of-mathildenstr-10\/","title":{"rendered":"OF &#8211; Mathildenstr. 10"},"content":{"rendered":"\n<figure class=\"wp-block-image size-full\"><img loading=\"lazy\" decoding=\"async\" width=\"735\" height=\"901\" src=\"https:\/\/slimtech.de\/wp-content\/uploads\/2022\/10\/IMG_20220406_161108-low.jpg\" alt=\"\" class=\"wp-image-80\" srcset=\"https:\/\/immopages.de\/wp-content\/uploads\/2022\/10\/IMG_20220406_161108-low.jpg 735w, https:\/\/immopages.de\/wp-content\/uploads\/2022\/10\/IMG_20220406_161108-low-245x300.jpg 245w\" sizes=\"auto, (max-width: 735px) 100vw, 735px\" \/><\/figure>\n\n\n\n<p>In absolut zentraler Lage von Offenbach mit einem herrlichen Blick auf den historischen Mathilden-Platz wurde 2014 ein hochwertiges Neubauprojekt mit insgesamt 17 Wohnungen und einer Tiefgarage realisiert.<br>Modernste technische Ausstattung mit Lift, einem Energieverbrauch weit unter den Anforderungen, eine L\u00fcftungsanlage mit W\u00e4rmer\u00fcckgewinnung und eine hochwertige und wertvoll gestaltete Inneneinrichtung bieten h\u00f6chsten Komfort in einem gesch\u00fctzten und sicheren abgeschlossenen Lebensraum.<\/p>\n\n\n\n<figure class=\"wp-block-image size-full\"><img loading=\"lazy\" decoding=\"async\" width=\"694\" height=\"427\" src=\"https:\/\/slimtech.de\/wp-content\/uploads\/2022\/10\/lageplan.jpg\" alt=\"\" class=\"wp-image-81\" srcset=\"https:\/\/immopages.de\/wp-content\/uploads\/2022\/10\/lageplan.jpg 694w, https:\/\/immopages.de\/wp-content\/uploads\/2022\/10\/lageplan-300x185.jpg 300w\" sizes=\"auto, (max-width: 694px) 100vw, 694px\" \/><\/figure>\n","protected":false},"excerpt":{"rendered":"<p>In absolut zentraler Lage von Offenbach mit einem herrlichen Blick auf den historischen Mathilden-Platz wurde 2014 ein hochwertiges Neubauprojekt mit insgesamt 17 Wohnungen und einer Tiefgarage realisiert.Modernste technische Ausstattung mit Lift, einem Energieverbrauch weit unter den Anforderungen, eine L\u00fcftungsanlage mit W\u00e4rmer\u00fcckgewinnung und eine hochwertige und wertvoll gestaltete Inneneinrichtung bieten h\u00f6chsten Komfort in einem gesch\u00fctzten und [&hellip;]<\/p>\n","protected":false},"author":1,"featured_media":0,"parent":0,"menu_order":0,"comment_status":"closed","ping_status":"closed","template":"","meta":{"ub_ctt_via":"","footnotes":""},"class_list":["post-79","page","type-page","status-publish","hentry"],"featured_image_src":null,"_links":{"self":[{"href":"https:\/\/immopages.de\/index.php\/wp-json\/wp\/v2\/pages\/79","targetHints":{"allow":["GET"]}}],"collection":[{"href":"https:\/\/immopages.de\/index.php\/wp-json\/wp\/v2\/pages"}],"about":[{"href":"https:\/\/immopages.de\/index.php\/wp-json\/wp\/v2\/types\/page"}],"author":[{"embeddable":true,"href":"https:\/\/immopages.de\/index.php\/wp-json\/wp\/v2\/users\/1"}],"replies":[{"embeddable":true,"href":"https:\/\/immopages.de\/index.php\/wp-json\/wp\/v2\/comments?post=79"}],"version-history":[{"count":1,"href":"https:\/\/immopages.de\/index.php\/wp-json\/wp\/v2\/pages\/79\/revisions"}],"predecessor-version":[{"id":82,"href":"https:\/\/immopages.de\/index.php\/wp-json\/wp\/v2\/pages\/79\/revisions\/82"}],"wp:attachment":[{"href":"https:\/\/immopages.de\/index.php\/wp-json\/wp\/v2\/media?parent=79"}],"curies":[{"name":"wp","href":"https:\/\/api.w.org\/{rel}","templated":true}]}}